v).
27
Let j be (-3)/(-3)*6/(8 + -5). Let z(t) = 6 - t + 3 - 705*t**j - 8 - 4*t**3 + 704*t**2. Calculate z(1).
-5
Let m(d) = d**3 + 21*d**2 + 29*d + 187. Let x be m(-20). Let w = -5 + x. Let p(t) = t**3 - t**2 + 4*t - 4. Calculate p(w).
8
Let r(x) be the third derivative of 1/60*x**5 - 10*x**2 + 9 - 1/24*x**4 + 0*x - 1/6*x**3 + 1/120*x**6. What is r(2)?
9
Let x(c) = -c**3 - 10*c**2 + 77*c + 35. Suppose -44 - 3 = y - 4*w, -2*y + 3*w = 54. Determine x(y).
5
Let j(k) be the first derivative of -k**3/3 + 15*k**2/2 + 6*k - 113. Let h be j(16). Let s(i) = i**3 + 10*i**2 + i + 1. Give s(h).
-9
Let y = -599 + 4566. Suppose -3*q = -3940 + y. Let j(a) be the second derivative of -a**4/12 - 4*a**3/3 + 5*a**2/2 + a. Determine j(q).
-4
Let s(n) = 2*n**2 - 19 - 5 - 14 + 0*n**2 + 5 - 28*n. Give s(15).
-3
Let b(m) = m**2 + 18*m + 48. Suppose -30*z - 544 = 15*z - 11*z. Give b(z).
16
Let g(b) be the second derivative of -b**4/12 - b**3/6 + 3*b**2 + b. Let k(h) = 5*h - 45. Let c be k(17). Suppose -c*i - 126 - 74 = 0. Determine g(i).
-14
Let a(z) = 31*z + z**2 - 4*z - 16*z - 25 - 5. Calculate a(-13).
-4
Let g = 913 - 1408. Let x = -243 - g. Let n(s) = 2 - x*s + 0 + 254*s. Determine n(4).
10
Let p(i) = -4*i + 260. Let y be p(29). Suppose -126*x + 90*x = -y. Let s(g) = -g**3 + 4*g**2 - 2*g - 1. Give s(x).
-9
Let l be 8/14 - (0 - -1) - (-156)/21. Let c(t) = -t**3 + 7*t**2 - 2*t + 4. Calculate c(l).
-10
Let f(y) = -3*y**2 - y - 2. Let s = -306 + 310. Let c be 4/(-8) + (-2)/s. Give f(c).
-4
Let b(g) be the third derivative of -g**6/240 + g**5/24 - 7*g**4/12 - g**2 + 6. Let a(i) be the second derivative of b(i). Let t = -12 - -8. Determine a(t).
17
Let n(m) be the third derivative of 3*m**4/8 - 3*m**3 + 11*m**2 - 56*m. Calculate n(3).
9
Let z(y) = 24*y**3 + 3*y**2 - 74*y - 21. Let m(l) = 11*l**3 + 2*l**2 - 35*l - 10. Let k(o) = 13*m(o) - 6*z(o). What is k(6)?
2
Suppose 74 - 30 = 11*f. Suppose q - f + 1 = 0. Let o(n) = -n. What is o(q)?
-3
Let x(a) = -a**2 - 14*a + 6. Suppose -626*k + 631*k - 40 = 0. Suppose 24 = -w - 5*n, -k*n + 60 = -5*w - 3*n. Determine x(w).
6
Let o(n) = -2*n + 4. Let z(h) = -5*h + 11. Let r(g) = -11*o(g) + 4*z(g). Suppose -7*d + 9*d + 3*l = 6, -5*d - 19 = -l. Determine r(d).
-6
Let n(c) be the first derivative of -1/3*c**3 + 6*c - 7/2*c**2 - 2. Suppose -2*y + 520*d = 519*d + 17, -3*d = 5*y + 26. Give n(y).
6
Let r(g) = 5*g - 2. Let v be r(-8). Let o be 12/v + (2 - (-111)/21). Suppose 3*t - 2*t + o = 0. Let k(b) = b**2 + 6*b - 10. What is k(t)?
-3
Let v = 68 - -3. Let j(w) = -v*w + 1 + 29*w + 33*w. What is j(2)?
-17
Let d(b) be the first derivative of -b**3/3 - 9*b**2/2 - 11*b + 742. Give d(-7).
3
Let v be (24 - 19) + (-5 - -1). Let d be -1 + v + 28/(-7). Let o(j) be the second derivative of j**3/3 + 5*j**2/2 + 2*j. Give o(d).
-3
Let l(r) = -3 + 5*r - r**2 - 9*r + 2. Let x(h) be the first derivative of h**4/4 - 4*h**3 - 4*h + 5. Let u be x(12). Give l(u).
-1
Let y(w) be the second derivative of -w**8/6720 + w**7/2520 + w**6/240 - w**5/120 - 7*w**4/3 - 2*w - 92. Let k(b) be the third derivative of y(b). Give k(3).
-10
Let n(q) = q**3 + 12*q**2 - 74*q - 798. Let b be n(-13). Let o(i) = -i**3 - 3*i**2 + i - 3. Determine o(b).
42
Let v(j) be the third derivative of -j**4/24 + 4*j**3/3 + 112*j**2 + 2*j. Calculate v(-6).
14
Let f be 1 + 0 + 1 + 2. Let d(o) be the third derivative of -10*o - 1/4*o**4 + 0 + 1/6*o**3 + 1/60*o**5 - 2*o**2. Give d(f).
-7
Let d(h) be the first derivative of h**7/840 + h**6/360 - h**5/120 - h**4/12 + 7*h**3 - 114. Let f(l) be the third derivative of d(l). What is f(-3)?
-17
Let u(z) be the first derivative of -z**4 - 11*z**3/3 + 5*z**2/2 + 7*z + 63. Let p(s) = -s**3 + s. Let a(l) = 5*p(l) - u(l). Calculate a(11).
-7
Let z = 1 + -2. Let q be (-164)/(-16) - (-5 - (-34)/8). Let r(b) = -8*b**2 + 23*b**2 - 5*b**2 + 20*b**3 - q*b**2. What is r(z)?
-21
Let c(l) be the first derivative of l**3/3 - 8*l**2 + 30*l + 2769. Determine c(13).
-9
Let o = 82 + -80. Let u(l) = o*l**2 - 16 - 17 + 48 - 14 + 3*l. Give u(-2).
3
Suppose 69*c + 5 = 68*c. Let o be c/(-2 - (1 - 4)). Let g(s) = -s**2 - 5*s + 6. Calculate g(o).
6
Let r(h) = h - 1. Let d be r(0). Let v be (-1 - d)*(-1)/(-2). Let s(m) be the first derivative of m**2/2 + m - 4011. What is s(v)?
1
Let q(h) be the third derivative of 43*h**4/24 - 271*h**3/6 + 4*h**2 - h - 75. Determine q(6).
-13
Let n(f) = -f**3 + 8*f**2 - 7*f - 2. Let y = -3 + 6. Suppose 7*c = 122 - y. Suppose -5*w + 3*o + 20 = -0*o, -2*o = w - c. Determine n(w).
-2
Let p = 0 - -8. Let h(y) = -5 - 9 - y**3 - 5*y**2 + y + 6*y**2 + 15 + 7*y**2. What is h(p)?
9
Let j be 126/30 - 1/5. Let d(z) be the second derivative of -z**4/6 + z**3 - 3*z**2/2 - z. Calculate d(j).
-11
Let m(x) = -5*x + 231. Let i(w) = -w**3 - 7*w**2 - 23*w - 57. Let r be i(-6). Calculate m(r).
6
Let l(s) = 3*s + 1. Suppose -120 = 29*n - 33*n. Suppose 4*c + 26 = -q, q + 40 = -0*q + 3*c. Let p = q + n. Determine l(p).
-11
Let d(l) be the first derivative of -106 - 5/2*l**2 + l. Calculate d(3).
-14
Let r(v) = 8*v + 102. Let g(c) = 63*c + 718. Let f(m) = 4*g(m) - 30*r(m). Determine f(16).
4
Suppose 3075*z - 5*t = 3071*z - 205, 160 = -3*z + 5*t. Let s(m) = m**2 + 47*m + 86. Determine s(z).
-4
Let s be (5 + 13)/(2/2). Let n(b) = -b + s - 13 - 2*b. Let y = 17 - 13. Determine n(y).
-7
Suppose -4*h + 32 = -2*x, -3*x - 33 = 5*h - 7. Let j(d) = -18*d + 13. Let b(s) = 44*s - 32. Let y(f) = x*j(f) - 5*b(f). Give y(3).
-8
Let l(w) = w**3 - 10*w**2 + 16*w - 7. Let r = -16 + 24. Calculate l(r).
-7
Suppose 6 = c + 5*b - 6, 2 = 3*c - 2*b. Let y(g) be the second derivative of -5*g**3/3 - 6*g. Give y(c).
-20
Let n(h) = -100*h + h**3 - 23 + 266*h - 20*h**2 - 164*h. Give n(20).
17
Let i(u) = -178*u**3 - 7*u**2 - 3*u + 41. Let m(w) = 268*w**3 + 10*w**2 + 5*w - 57. Let c(p) = -7*i(p) - 5*m(p). What is c(-1)?
95
Let t(f) = -15*f - 19. Suppose 2*k + v = 4*v - 1, -v = 4*k - 5. Let j(r) = 2*r - 6*r - k - 2 - 2. Let b(h) = 22*j(h) - 6*t(h). Give b(6).
16
Suppose 2*z = -2*u - 3*z + 20, 3*u + 3*z = 21. Suppose 2*x - 11 = 2*d - 3, -u*d - 11 = -2*x. Let y(o) = 0*o**2 - x*o**2 + 2 - 2*o**2 + 3*o**2. Determine y(2).
-6
Let g(c) = 564*c + 1063. Let w(l) = -234*l - 425. Let x(d) = -5*g(d) - 12*w(d). What is x(-18)?
1
Let q(p) = p**2 + 25*p + 101. Let h be 6/14 + 0 + 249968/(-12866). Calculate q(h).
-13
Suppose -5*z + 3*d - 96 + 1051 = 0, -5*z + d + 945 = 0. Let t be 1/(-6) - z/24. Let f(s) = s**2 + 4*s - 7. Determine f(t).
25
Let x(b) be the third derivative of 1/4*b**4 + 1/60*b**5 - 7*b**2 + 0 - b - 7/6*b**3. Suppose -4*k - 17 = 7. What is x(k)?
-7
Let a(g) = -g**3 - 85*g**2 - 10*g + 93*g**2 + 6 + g. Calculate a(7).
-8
Let k(u) = 15*u**2 + 21*u**2 + 27*u**2 + 15*u - 14 + 24*u**2 - 88*u**2. Give k(13).
12
Suppose -s = 2*s + 18. Let i(y) = -12542*y + 6270*y + 10 + 6275*y. Calculate i(s).
-8
Let n(l) = 60*l**3 + 2*l**2 + 7*l - 17. Let d(w) = -58*w**3 - 3*w**2 - 8*w + 22. Let z(a) = 3*d(a) + 4*n(a). Calculate z(1).
67
Let m be 13 - ((0 - 0) + 2). Let x(o) = o**2 + m*o + 0 - 3*o + 8. Suppose -1973 - 3961 = 989*g. Determine x(g).
-4
Let z = -284 - -286. Let d(r) = -2*r**2 + r**2 - 5828 - 10*r + 5828 + z*r**2. What is d(9)?
-9
Let p(m) be the third derivative of -m**5/60 + 3*m**4/4 + m**3 - 227*m**2. Give p(19).
-13
Let b(v) be the third derivative of v**8/10080 - v**7/630 + 7*v**6/720 - 103*v**5/30 - 77*v**2. Let p(j) be the third derivative of b(j). Calculate p(7).
49
Let r(z) = -5*z**2 + 4*z - 17. Let o(a) = 5*a**2 - 4*a + 19. Let b(f) = 8*o(f) + 9*r(f). What is b(4)?
-65
Let o(p) be the first derivative of -p**2 + 1071. Suppose 2*r - 3*k = -4, -k + 7 = -0*r + 5*r. Determine o(r).
-2
Let c(f) = -f**3 - 28*f**2 + 25*f + 12. Let k be (81/(-3))/3 - (6 + -24 + 38). Calculate c(k).
128
Let a(i) = i**3 + 36*i**2 + 129*i + 10. Let s be a(-4). Let k(c) = -c**3 + 3*c**2 + 5*c + 10. Calculate k(s).
-68
Let h be (1 + 364)/(2/(-16)*8). Let w = h - -355. Let n(o) = 7*o**2 + 17*o + 1. Let u(p) = 11*p**2 + 25*p + 1. Let r(l) = 8*n(l) - 5*u(l). Determine r(w).
-7
Suppose -3*r - 9*i - 155 + 65 = 0, 5*r + 22 = i. Let d(z) = z**2 + 16*z + 63. What is d(r)?
3
Let b(i) = -2*i**2 - 8*i - 1. Let j(l) = 3*l**2 + 14*l + 1. Let f(x) = 5*b(x) + 3*j(x). Suppose s - 4 = -0*s. Give f(s).
-10
Suppose -8*r + 12 = -5*r, s = 2*r